. What are the prime factors of c?
2
Let p be (3/2)/(-3)*-24. List the prime factors of (9/(-6))/(p/(-88)).
11
Let g = 27 + -4. What are the prime factors of g?
23
Let c be (-176)/33*114/(-8). Suppose 0 = -3*a - 31 + c. What are the prime factors of a?
3, 5
Let g = -6 - -11. Suppose -20 = g*o - 360. Suppose 2*a = 6*a - o. What are the prime factors of a?
17
Let l(k) = k**3 - 12*k**2 + 10*k + 41. List the prime factors of l(12).
7, 23
Let t(b) be the second derivative of b**4/12 - 5*b**3/6 + b**2 - 3*b. What are the prime factors of t(6)?
2
Suppose -4*j + 10 = r - 3*r, -3*j - r + 10 = 0. Suppose -j*q = -2*q - 4. What are the prime factors of q/(-18) + (-202)/(-18)?
11
What are the prime factors of ((-3)/6 - (-146)/12)*9?
3, 5, 7
Suppose 0 = 3*j - 7*j + 32. What are the prime factors of ((-26)/j)/((-2)/8)?
13
Suppose -z - 3*d - 8 = -0*d, -3*z + 5*d + 32 = 0. Suppose z*h - 4*v - 15 = 49, 2*h - 7 = -3*v. List the prime factors of h.
11
Let t = 10 - 7. Suppose -2*r - t*r = -5. Suppose -10 = -g + r. List the prime factors of g.
11
Let h(x) = 2*x**2 - 7*x - 16. List the prime factors of h(7).
3, 11
Suppose 4*r = r - 15, -2*h = r + 5. Suppose -5*w - 2*d + 92 = h, 2*d = -5 - 3. Suppose -6*u - 4*f = -3*u - w, 4*u + 2*f = 30. List the prime factors of u.
2
Let t be 3/(-4)*-1*4. Suppose -2*r - 4 = -5*n, 0 = -t*r - 3*n + 12 + 3. What are the prime factors of r?
3
Let y be 1/(0 - (-2)/58). Suppose l + 4*x - 17 = 0, -4*x = 3*l - 16 - 19. Suppose -l = 2*w - y. What are the prime factors of w?
2, 5
Let o be ((-4)/(-6))/((-10)/(-15)). What are the prime factors of (9/27)/(o/42)?
2, 7
Let t(d) = -13*d - 1. Let c(f) = 19*f + 2. Let x(p) = -5*c(p) - 7*t(p). Suppose 5*u = -6*i + i + 15, -4*i - 3 = u. What are the prime factors of x(i)?
5
Let k(z) = -z + 6. Let p be k(6). Suppose 5*y - 4*y - 25 = p. What are the prime factors of y?
5
Suppose -s + 21 = f - 19, 3*f - 106 = 4*s. What are the prime factors of f?
2, 19
Let z(u) = 4*u**3 + 2*u**2 - 2*u. What are the prime factors of z(2)?
2, 3
List the prime factors of (1 + 246/14)/((-6)/(-42)).
2, 5, 13
Let x(o) = -4*o. Let j be x(-5). Suppose -5*t + j = -25. What are the prime factors of t?
3
Let s be 16/(-6) - 4/(-6). Let c(h) = -h + h - 8*h - 3. What are the prime factors of c(s)?
13
Let q be 8/(-14)*(-28)/8. Suppose -2*j = q*j - 60. List the prime factors of j.
3, 5
What are the prime factors of (-115)/(-4) - 15/(-60)?
29
Let g(b) = -b + 5. Let s(a) = -2*a + 9. Let q(j) = 11*g(j) - 6*s(j). Let y be q(5). List the prime factors of (48/20)/(y/20).
2
Suppose 7*q = 6*q + 104. What are the prime factors of q?
2, 13
Let b be (4 + 2)*8/6. Let o(v) = v + 10. What are the prime factors of o(b)?
2, 3
Let w be -5 - -6 - (0 - 88). Suppose -w = -4*h + 3. What are the prime factors of h?
23
Let z(r) = -r**2 + 9*r + 4. Let s be z(9). Suppose s*a - 21 = 7. List the prime factors of a.
7
Let q(s) = s**2 - 10*s. Let d be q(10). Suppose d*i - 3*p - 116 = -4*i, -134 = -5*i + p. Let f = -16 + i. What are the prime factors of f?
2, 5
Let o be 1/1 + 1 + -1. Suppose -a + 8 + o = 0. List the prime factors of a.
3
Let l be (-8)/(-52) - (-54)/(-13). Let n(u) = u**2 + 1. List the prime factors of n(l).
17
Suppose t + 2 = -2. What are the prime factors of (t/(-6))/(4/138)?
23
Suppose -4*j + 3*j + 46 = 0. List the prime factors of j.
2, 23
Suppose 1016 = 5*h + z + 347, -4*h - 3*z = -544. What are the prime factors of h?
7, 19
Let t(q) = -q**3 + q**2 - 2*q + 43. Let m be t(0). Suppose 3*y = m - 4. List the prime factors of y.
13
List the prime factors of 2/(20/8 - 2).
2
Let p(f) = -f**3 + 2*f**2 + 5*f + 2. Let o be p(-4). Suppose -2*n + 10 = -o. Suppose -3*v - 13 = 2*t - 39, 0 = -4*t - 2*v + n. List the prime factors of t.
2, 5
What are the prime factors of 1*151/(-4)*-4?
151
Suppose 2*q = 4*s - 12, 2*s + 4*q = 4 + 2. Suppose -d = j - 6, -s*j + 9 = 2*d - 2*j. Suppose -26 = -t - d*l, 4*l - l - 37 = -2*t. List the prime factors of t.
11
List the prime factors of ((-2)/4)/(15/(-3120)).
2, 13
Let p(n) = n**3 + n**2 - 2*n - 2. Let d be p(-2). List the prime factors of 13 - -1*(d + 1).
2, 3
List the prime factors of ((-7)/(-3))/(1/21).
7
Let o(i) = i**2 - i - 6. Let u(h) = -h. Let q(n) = o(n) + u(n). List the prime factors of q(6).
2, 3
Suppose -2*b + 94 = -3*p, -3*p - 79 = -b + 2*b. Let m = 52 + p. List the prime factors of m.
2, 3
Let d = -92 - -192. What are the prime factors of d?
2, 5
Let b be 59/(-6) - (-1)/(-6). Let m(r) = -r**2 - 12*r - 9. Let i be m(b). Let t = i - -1. What are the prime factors of t?
2, 3
Suppose 0 = -5*y + 5*c + 390, 0 = -y + 3*c + 89 - 5. List the prime factors of y.
3, 5
Let r be (-176)/10 - 4/10. List the prime factors of r/(-6 + 3) - -3.
3
Let b(m) = -m**2 - 15*m + 21. List the prime factors of b(-9).
3, 5
Let g(n) = n + 5. Let o be g(-5). Let i(b) be the second derivative of b**4/12 - b**3/6 + 11*b**2 - 30*b. List the prime factors of i(o).
2, 11
Suppose 0*s = -5*s - k + 1056, 1048 = 5*s + 3*k. What are the prime factors of s?
2, 53
List the prime factors of 3/((2 - 620/(-608)) + -3).
2, 19
Let m = 0 - -1. Let q = m - -3. Suppose -q*a = -2*a - 4. What are the prime factors of a?
2
List the prime factors of ((-72)/(-48))/((-3)/(-244)).
2, 61
Suppose 3*d - 7*d + 3*k = 3, -5*k = 15. Let m(x) be the second derivative of -x**4/12 - 5*x**3/6 - x**2/2 - 2*x. What are the prime factors of m(d)?
5
Let s be ((-42)/(-15))/(6/(-30)). Let j = 6 - s. List the prime factors of j.
2, 5
Let w(s) = 11 + 7 + s - 4. What are the prime factors of w(10)?
2, 3
Let z = -59 - -110. Suppose 73 = 3*c + 5*l - 36, c - 2*l = z. List the prime factors of c.
43
Let h(c) = 8*c**2 + 3*c - 5*c**3 + 2*c**3 + 2*c**3 - 6. Let z be h(8). Let y = z + -12. List the prime factors of y.
2, 3
Suppose -5*z + 2*z = 3*r + 9, -5*z + 5*r + 35 = 0. Suppose 0*v = z*v - 6. Suppose -25 = -2*s - v*s. What are the prime factors of s?
5
Suppose 0 = -p + 1, 0 = 4*h - 3*p - 3 + 6. Let j = h + 7. Let l = j + -3. List the prime factors of l.
2
Suppose -4*f = 16*f - 2000. What are the prime factors of f?
2, 5
Suppose 5*m - 8 = 12. Suppose -m*n + 3*r - 5 = 0, 0*n = -3*n - 4*r - 10. List the prime factors of -1 + 1 + n - -12.
2, 5
List the prime factors of 65 + 4 - (0 + 1 - 0).
2, 17
Let a(r) = -8*r - 12. Let n(g) = g + 1. Let w(y) = -4*a(y) - 36*n(y). Let z be w(9). Let m = 35 + z. List the prime factors of m.
11
Let l(d) = d**3 - 5*d**2 - 7*d + 6. Let a be l(6). Suppose 5 = -c + 16. Suppose a = 3*i + c - 44. List the prime factors of i.
11
Let d(p) = p**3 + 9*p**2 - p - 8. Let u be d(-9). List the prime factors of 6/3 + u - -1.
2
Let w = 2 + 0. Suppose -w*q = -2*a - 52, -2*q + a + 4*a = -64. List the prime factors of q.
2, 11
Let l = -3 - -9. Suppose -3*p + 70 = -q, p - l - 16 = q. What are the prime factors of p?
2, 3
Suppose 3*r - 69 = -2*y, 5*y - 3*r - r - 138 = 0. What are the prime factors of y?
2, 3, 5
Suppose 6*a = -5*n + 2*a + 66, -4*a + 36 = 2*n. Let p(z) be the first derivative of -z**3/3 + 5*z**2 + 8*z + 9. What are the prime factors of p(n)?
2
Suppose 15*i - 212 = 11*i. List the prime factors of i.
53
Suppose 0 = -5*a + 109 + 26. List the prime factors of a.
3
Let t(w) = w**3 - 3*w**2 + w + 2. Let n be t(2). Suppose 0 = -4*s + 4*f + 112, 20 + n = 5*f. What are the prime factors of s?
2
Suppose 966 = 7*y + 21. What are the prime factors of y?
3, 5
Let l(t) = -11*t**3 - 5*t**2 - 2*t - 13. List the prime factors of l(-3).
5, 7
List the prime factors of (-3 - -1) + -1 - (-600)/3.
197
Suppose -5 = -3*p - 2*p, -5*w = -3*p - 7. Suppose 5*g + w*s = 2*g + 47, 4*g - 4*s - 56 = 0. What are the prime factors of g?
3, 5
Let v be -1 + 8 - (4 - 1). Suppose 5*c = v*c + 18. List the prime factors of c.
2, 3
Let k(s) = -s**3 + 15*s**2 + s - 3. Let h be k(15). Let b be ((-4)/6)/((-2)/(-6)). What are the prime factors of (h/(-9))/(b/6)?
2
Let s(i) = i + 3. Let c be s(6). Suppose c = -5*p - r + 54, 5 = r. List the prime factors of p.
2
Suppose -2*x = -3*x - 7. Let z = -15 - -1. Let d = x - z. List the prime factors of d.
7
Let p be 687/21 - (-8)/28. Let i = -18 + p. List the prime factors of i.
3, 5
Suppose -2*f + 2 + 10 = 0. Let l be -3*8/f*-1. Suppose -6*y = -2*y - l*d - 28, 0 = -3*d. List the prime factors of y.
7
Let l = -11 + 18. Let z = l - 5. What are the prime factors of z?
2
